 5
Let s = -621 + 136. Let h = -284 - s. List the prime factors of h.
3, 67
Suppose q + 74 = -3*i, -4*q - 2*i + 51 - 307 = 0. Let d = -8 - q. What are the prime factors of d?
2, 3
Let d(v) = v**2 - 7*v - 10. Let u be d(9). List the prime factors of (-215)/(-6) - u/(-48).
2, 3
Let t(q) = 3*q**3 + q**2 - 5*q + 2. Let c be t(3). Let g = 103 - c. What are the prime factors of g?
2, 13
Let b(w) be the first derivative of w**3 + w**2 - 4. List the prime factors of b(2).
2
Let x(j) = 121*j**2 - 34*j + 167. What are the prime factors of x(6)?
7, 617
Let f(q) = 242*q + 4. Let m be f(2). What are the prime factors of m/12 + (-2)/(-6)?
41
Suppose 109*b - 108*b = 4162. List the prime factors of b.
2, 2081
Let n = -862 + 2940. List the prime factors of n.
2, 1039
Let r(h) = -h**2 + h + 7. Let v be r(0). Suppose n + 5 = v. Suppose n*c - 3*s = 103, -2*c - 5*s + 26 + 37 = 0. List the prime factors of c.
2, 11
Let p(n) = n + 254. What are the prime factors of p(30)?
2, 71
Let l = 837 - 189. What are the prime factors of l?
2, 3
Suppose 12 = -0*g + 4*g. Suppose 3*x - 983 = -x + g*i, 1 = -i. List the prime factors of x.
5, 7
Let q(j) be the first derivative of -j**3/3 - 27*j**2/2 - 45*j - 13. List the prime factors of q(-21).
3
Let f(y) = 66*y**2 + 4*y + 2. Let g(c) = 132*c**2 + 7*c + 3. Let p(v) = -10*f(v) + 6*g(v). List the prime factors of p(1).
2, 3, 11
Let v(b) = 6*b - 43. Let x be v(10). Suppose -9*p = -x*p + 256. List the prime factors of p.
2
Suppose -3*s + 3796 = r + 3*r, -s = 0. List the prime factors of r.
13, 73
What are the prime factors of (12 + (-2 - 9))/((-2)/(-2036))?
2, 509
Suppose 3679 = a + j, 3679 = -3*a + 4*a + 5*j. List the prime factors of a.
13, 283
Let y = 3960 + -1099. List the prime factors of y.
2861
Let d = -9 + 74. Suppose -3*c + 308 = d. List the prime factors of c.
3
Let f = 5 + 21. What are the prime factors of ((-112)/32)/((-1)/f)?
7, 13
Suppose 3*s = 4*d - 14, 2*d + 2*d - s = 18. Suppose d*w = -5*f - 495, -w - 5 + 4 = 0. What are the prime factors of f/(-6) - 14/(-21)?
17
Suppose 17*a - 21*a = 0. Suppose a*r + 4*r = -88. Let x = 42 + r. List the prime factors of x.
2, 5
Suppose -2*t = 10 - 122. Let d = 95 - t. What are the prime factors of d?
3, 13
Let i = 158 + 4. Let a be 104/16 - (-2)/4. Suppose -a*w = -w - i. What are the prime factors of w?
3
Let k(b) = -222*b**3 + 2*b**2 + b. Let o be k(-1). Suppose o = -2*q + 17. Let x = q + 146. What are the prime factors of x?
43
Suppose 5*c - 8231 = -3*d, 20*c - 16*c - 6598 = 2*d. List the prime factors of c.
2, 103
Let r(x) be the second derivative of 13*x**3/6 - 3*x**2/2 - 19*x. List the prime factors of r(2).
23
Let b(f) = 135*f + 38. Let m be b(9). Suppose -6*n + 2*n + g + m = 0, 5*n - 1567 = 2*g. What are the prime factors of n?
313
Suppose 3*k - k - 56 = 0. Suppose -l = 4*l, -42 = 3*u + l. Let j = u + k. What are the prime factors of j?
2, 7
Let l(r) = 8*r**2 - 17*r - 24. What are the prime factors of l(12)?
2, 3, 7, 11
Let l(g) = g - 3. Let y be l(-7). Suppose -4*w - 60 = 8. Let p = y - w. What are the prime factors of p?
7
Let o = 1213 - 675. List the prime factors of o.
2, 269
Let r(z) = 82*z**2 - 14*z - 1. What are the prime factors of r(-5)?
13, 163
Suppose 0 = -4*l - 3*j + 7*j, -5*l + 2*j + 3 = 0. Suppose v = l + 13. List the prime factors of -1*v*7/(-14).
7
Suppose 4*b - 3099 = -11*i + 8*i, 25 = 5*i. List the prime factors of b.
3, 257
Suppose 3*c = -f - 15 + 4, 2*f + 19 = -5*c. Let j = 4 + f. Suppose n = j*n - 25. What are the prime factors of n?
5
Suppose 574 = 5*s - 786. What are the prime factors of s?
2, 17
Suppose -2*v + 3*v - 16 = -a, -3*a = -12. Let m be -9*2/(v/2). Let k(p) = 3*p**2 + 4*p + 1. List the prime factors of k(m).
2
Let a(l) = -5*l**3 + 3*l**2 + 4*l - 8. List the prime factors of a(-3).
2, 71
Suppose 5*o + 3*z - 61 = 0, z + 4 + 5 = o. Let u = -1 - o. Let x = 44 + u. What are the prime factors of x?
2
Let p(y) = -7*y**3 - 2*y**2 + y + 2. Let s be p(-1). Suppose -3*q + 1188 = s*q. What are the prime factors of q?
2, 3, 11
What are the prime factors of (-3*233)/(6*(-1)/6)?
3, 233
Suppose -5*q + 1879 = 3*g, -2*g + 9*q + 1231 = 8*q. What are the prime factors of g?
2, 3, 103
Let w be 3 + 5 + -10 + (0 - -8). Suppose 10*s - w*s + 4*y - 184 = 0, 2*y - 42 = -s. List the prime factors of s.
2, 5
Let t be ((-6)/(-8))/(6/(-504)). What are the prime factors of 1*(-4)/6*t?
2, 3, 7
Let p = 15 - -49. Suppose 2*u + p = -2*u. Let o = 2 - u. What are the prime factors of o?
2, 3
Suppose l - 2*l = -5*t - 67, -5*l + 27 = -3*t. Let k be -1*2*35/t. Suppose 56 = -j + 3*j + 3*z, 2*j + k*z = 64. List the prime factors of j.
2, 11
Let b be (5/3)/(95/342). Suppose 0 = b*j - 0*j - 150. What are the prime factors of j?
5
Let z(n) = n**2 - 11*n + 20. Let d be z(11). Let g(t) = t + 35. List the prime factors of g(d).
5, 11
Let l = -245 + 595. Suppose -l = -6*p - 4*p. List the prime factors of p.
5, 7
Let c be 6*5/(0 + 10). Let a be (112/7)/(1/1). List the prime factors of (a - 2) + c - 0.
17
Suppose 4*a - 5*d + d - 16 = 0, 3*a - 11 = 2*d. Suppose h - 50 = -s - 3*s, h + a*s = 49. List the prime factors of h.
2, 23
Let z be -1*12*(-2)/8. Suppose 4*b - 4 = z*b. Suppose -b*o = -58 - 86. List the prime factors of o.
2, 3
Suppose -264*l + 271*l - 9989 = 0. What are the prime factors of l?
1427
What are the prime factors of 2 + ((-468)/(-144))/((-2)/(-40))?
67
Suppose -2*p + 24 = -366. Let g = 423 - p. What are the prime factors of g?
2, 3, 19
Let t(i) = 4*i**2 - 2. Let n(h) = -h + 16. Let f be n(12). List the prime factors of t(f).
2, 31
Let j(s) = 26*s**3 + 10*s**2 - 4*s + 2. What are the prime factors of j(5)?
2, 1741
Suppose 1092*t = 1082*t + 19200. List the prime factors of t.
2, 3, 5
Suppose 102*m + 2 = 104*m, -5*p + 4*m = -15406. What are the prime factors of p?
2, 23, 67
Suppose -270 = t - 2339. List the prime factors of t.
2069
Let k = 39 - -47. Let i = 132 - k. What are the prime factors of i?
2, 23
Suppose -3131 + 9123 = 14*o. List the prime factors of o.
2, 107
Suppose 333829 = 113*q - 110713. What are the prime factors of q?
2, 7, 281
Let q(t) = 7*t**3 + 13*t**2 + 12*t + 2. Let j(p) = -6*p**3 - 14*p**2 - 13*p - 1. Let z(g) = 6*j(g) + 5*q(g). List the prime factors of z(-18).
2
Let s be (-24)/10*180/(-8). Suppose -4*m = v + s, -4*v + 3 = 11. Let c(f) = f**3 + 12*f**2 - 12*f + 17. What are the prime factors of c(m)?
2
Let w = 373 - 253. Suppose -100 = -3*o - 2*d, -4*o + 7*d - 3*d = -w. List the prime factors of o.
2
Let x(u) = 3*u + 8. Let r(b) = -b - 1. Let f(c) = 4*r(c) + x(c). Let t be 10/5 - 4/2. What are the prime factors of f(t)?
2
Let k = 11 - 1. Let l = k - -72. Let w = l - 26. List the prime factors of w.
2, 7
Let r = -56 + 173. Suppose 627 = 6*a - r. What are the prime factors of a?
2, 31
Let v = 2578 - -569. List the prime factors of v.
3, 1049
Let z(x) = x - 5. Let r be z(9). Let p(v) = -4*v + 6*v + 8*v - r. What are the prime factors of p(3)?
2, 13
Suppose -3*a + 9 = -36. Suppose -1009 = -8*q + a. List the prime factors of q.
2
Suppose -5*j = -5*i + 17385, -3*i + 6954 = -i + j. What are the prime factors of i?
3, 19, 61
Let f = -54 + 116. List the prime factors of f.
2, 31
Suppose p = h - 239 - 184, h - 3*p - 433 = 0. List the prime factors of h.
2, 11, 19
Let m(j) be the third derivative of j**5/60 + j**4/12 - 5*j**3/2 - j**2. What are the prime factors of m(-7)?
2, 5
Let p(r) = -7*r - 13 - r**2 + 62 + 2*r + 28*r. What are the prime factors of p(21)?
7, 13
Suppose 5*f - s = -7, -f - 21 = 2*f + 5*s. List the prime factors of (f - 60)*(-1 - (-2)/4).
31
Let z = 8 + -5. Suppose u - 6 = -z. Suppose -4*w = -u*y + 2*y + 14, 0 = y - 3*w - 13. List the prime factors of y.
2, 5
Let f(w) = w**2 + 16*w + 8. Let h be f(-15). Let k(y) = -11*y + 1. What are the prime factors of k(h)?
2, 3, 13
Let z(g) = 8*g + 300. What are the prime factors of z(0)?
2, 3, 5
Suppose -198*i = -207*i + 7047. List the prime factors of i.
3, 29
Suppose 3*j - 16 = 3*q - 5*q, -2*j = -4*q. List the prime factors of j/(-6)*3 + 45.
43
Suppose 0 = -2*l - 3*y - y - 38, -10 = 5*y. Let p(s) = -s**2 - 15*s + 6. Let b be p(-17). Let h = l - b. List the prime factors of h.
13
Let b(g) = 2*g**2 + 3*g + 6. Let p(u) = -6*u. Let h be p(1). Let c be b(h). Suppose -144 = -4*v + c. What are the prime factors of v?
